358.
179
Calculate the highest common factor of 29219 and 186331.
479
What is the highest common divisor of 14510 and 125746562?
2902
What is the greatest common factor of 1345 and 7521509?
269
What is the greatest common factor of 1022848 and 196?
4
What is the greatest common divisor of 10719907 and 143?
11
What is the greatest common divisor of 26175 and 11?
1
What is the greatest common divisor of 4895 and 51642695?
445
Calculate the highest common factor of 2091 and 1327949.
41
Calculate the greatest common factor of 442 and 9998482.
442
Calculate the highest common divisor of 60 and 21591665.
5
What is the highest common divisor of 138894987 and 33?
33
Calculate the highest common divisor of 5725242 and 48.
6
Calculate the greatest common divisor of 18 and 11849934.
6
Calculate the highest common divisor of 19467220 and 2094.
698
What is the highest common divisor of 19000 and 1592504?
152
Calculate the highest common factor of 49593 and 129.
3
Calculate the highest common factor of 8260 and 2061165.
295
Calculate the highest common divisor of 1372 and 215504842.
686
What is the greatest common factor of 46 and 259290?
2
Calculate the highest common factor of 455858 and 19669.
1157
What is the highest common divisor of 33263064 and 828?
36
What is the greatest common divisor of 42 and 14962899?
21
What is the greatest common factor of 581720 and 4960?
40
What is the highest common factor of 3615 and 45124117?
241
Calculate the highest common divisor of 4808 and 234614173.
601
Calculate the highest common divisor of 83961 and 118840167.
4419
Calculate the greatest common factor of 2 and 198286798.
2
Calculate the greatest common factor of 2073987 and 27.
9
Calculate the greatest common divisor of 82228 and 243268.
244
Calculate the highest common factor of 18 and 1151407422.
18
What is the greatest common divisor of 69130 and 7778240?
2230
What is the greatest common divisor of 50 and 36752790?
10
What is the greatest common factor of 125918 and 8352?
58
What is the greatest common divisor of 2034 and 540738?
18
Calculate the greatest common factor of 127674 and 284130.
738
What is the greatest common factor of 202340 and 3120?
20
What is the greatest common factor of 1288 and 5635644?
644
Calculate the highest common factor of 194927 and 75033.
397
Calculate the highest common factor of 27566491 and 16347.
5449
Calculate the highest common factor of 97344 and 38025.
1521
What is the greatest common divisor of 5671653 and 13?
13
Calculate the highest common divisor of 13743 and 945722.
509
What is the greatest common divisor of 1380777 and 82128?
5133
Calculate the highest common factor of 99667992 and 354.
354
What is the highest common divisor of 36660183 and 13941?
4647
What is the highest common factor of 1 and 9319549?
1
What is the greatest common factor of 25555901 and 1372?
343
What is the greatest common divisor of 9511568 and 13552?
1936
Calculate the highest common factor of 216900 and 493100.
100
What is the greatest common factor of 762698 and 418?
38
What is the greatest common factor of 114 and 65359278?
114
What is the highest common factor of 12579758 and 46?
46
What is the highest common factor of 858 and 11970849?
33
What is the greatest common divisor of 3488 and 2659382?
218
Calculate the greatest common divisor of 2536 and 200296.
8
What is the highest common divisor of 71403332 and 7293?
2431
What is the highest common divisor of 114270266 and 87?
29
Calculate the greatest common divisor of 35380 and 49148920.
1220
What is the greatest common divisor of 663036 and 2816?
44
Calculate the highest common factor of 34649 and 5155.
1
Calculate the greatest common divisor of 167772548 and 3320.
332
What is the greatest common factor of 1157776 and 1966928?
4304
Calculate the greatest common factor of 10 and 331342385.
5
Calculate the highest common factor of 4557490 and 4260.
710
What is the greatest common divisor of 15 and 194060595?
15
What is the highest common factor of 25347 and 1704213?
1491
What is the greatest common divisor of 665764498 and 2149?
2149
Calculate the greatest common factor of 1397 and 775148.
11
Calculate the highest common factor of 43830 and 13215.
15
Calculate the highest common divisor of 535 and 15917855.
535
What is the highest common divisor of 5525744 and 2163?
721
Calculate the highest common divisor of 74259 and 523735.
37
Calculate the greatest common divisor of 1001986 and 8598194.
5246
What is the greatest common factor of 15980 and 1798940?
340
Calculate the greatest common divisor of 2388312 and 8.
8
What is the greatest common factor of 24229315 and 880?
55
What is the highest common divisor of 262 and 9517019?
131
What is the greatest common divisor of 1295888 and 52337?
199
Calculate the highest common divisor of 69188 and 45668.
196
Calculate the greatest common factor of 19008 and 18122688.
576
What is the greatest common factor of 225885 and 22495?
55
What is the highest common factor of 29 and 35225111?
29
What is the greatest common factor of 128528868 and 26?
26
Calculate the greatest common factor of 2805986 and 646.
34
Calculate the greatest common divisor of 2 and 6367028.
2
Calculate the greatest common divisor of 137922 and 2952834.
1086
Calculate the greatest common factor of 182130 and 21949.
467
Calculate the highest common factor of 38171555 and 951.
317
What is the greatest common factor of 20845187 and 11?
11
Calculate the highest common divisor of 14379320 and 110.
10
Calculate the greatest common divisor of 1716 and 9137106.
66
What is the greatest common divisor of 20125848 and 3836?
548
Calculate the highest common divisor of 8229 and 1410957.
633
Calculate the highest common factor of 9351706 and 546.
182
Calculate the greatest common divisor of 8613 and 1437210.
27
Calculate the highest common divisor of 183 and 9645747.
183
Calculate the highest common factor of 3578498 and 173666.
2446
Calculate the greatest common divisor of 39243232 and 224.
224
Calculate the highest common factor of 20 and 246601340.
20
What is the greatest common factor of 1541980 and 444664?
7172
Calculate the greatest common divisor of 7160 and 13430.
10
Calculate the greatest common divisor of 1185611286 and 5079.
5079
What is the highest common divisor of 8587032 and 192?
24
What is the greatest common factor of 1832 and 96062752?
1832
What is the highest common factor of 126626700 and 25?
25
Calculate the greatest common divisor of 160 and 70187168.
32
What is the highest common divisor of 5940819 and 9972?
2493
Calculate the greatest common divisor of 34479 and 19143.
27
What is the greatest common factor of 254039566 and 84304?
10538
Calculate the highest common divisor of 26 and 2799550.
26
Calculate the highest common divisor of 931800 and 780.
60
Calculate the highest common factor of 4415 and 415465.
5
What is the highest common divisor of 18438153 and 3095?
619
What is the highest common divisor of 58005 and 15525?
45
What is the highest common divisor of 16780344 and 32293?
751
Calculate the greatest common divisor of 462 and 581543952.
66
Calculate the highest common divisor of 22662 and 1278.
18
Calculate the highest common factor of 22416 and 568432.
16
What is the greatest common factor of 37938218 and 122?
122
What is the highest common divisor of 199607 and 4843?
29
Calculate the highest common divisor of 7819011 and 1242.
621
Calculate the highest common factor of 830 and 423395.
5
Calculate the greatest common divisor of 67997210 and 1370.
1370
What is the greatest common factor of 712555 and 5353?
101
What is the greatest common factor of 6370 and 2968490?
70
Calculate the highest common divisor of 154084815 and 117337.
10667
What is the greatest common divisor of 2092486 and 377047?
2497
What is the greatest common factor of 2431011 and 20449?
121
What is the greatest common factor of 124880 and 3822889?
1561
Calculate the greatest common divisor of 2735489 and 3604.
53
Calculate the highest common factor of 978774031 and 51.
17
What is the greatest common divisor of 555030 and 24724?
14
Calculate the greatest common divisor of 36780711 and 1617.
33
What is the greatest common factor of 5857574 and 62?
62
Calculate the highest common factor of 146282807 and